 2*w**2 - 6*w**2 + 1 + 5*w**2 - 7*w**3 - 3*w**2. Calculate f(r).
-8
Let s(v) = 9*v + 154. Let y(x) = -3*x - 51. Let d(h) = -3*s(h) - 10*y(h). What is d(-15)?
3
Let z(f) be the third derivative of -1 - 1/60*f**5 - 1/6*f**3 + 0*f + 0*f**4 - 14*f**2. Determine z(3).
-10
Let p(d) be the second derivative of 1/2*d**2 + 0 - 1/12*d**4 + 333*d + d**3. Calculate p(5).
6
Let o = 206 - 206. Let n be (-76)/(-18) + 4/(-18). Let u(p) = 5*p - n*p + 4 + o*p - 6. Calculate u(1).
-1
Let g(m) be the second derivative of -m**3/6 + 6*m**2 + 1216*m. Give g(16).
-4
Let l(s) = -2 + 1 + 23*s**3 - 4*s - 24*s**3 + 4*s**2. Let i = 2031 + -2028. What is l(i)?
-4
Let g(v) be the third derivative of v**6/120 + 3*v**5/20 - 11*v**4/12 - 7*v**3/3 + 957*v**2. Calculate g(-11).
-14
Suppose 2*q - 194 = -3*u, q - 1 = 3. Let d = u - 57. Let l(r) = -r**2 + 14*r + 9. Let b(v) = v + 1. Let k(j) = -6*b(j) + l(j). What is k(d)?
18
Let w(n) be the third derivative of n**4/24 + 11*n**3/6 + 83*n**2 - 24*n - 1. Calculate w(-8).
3
Let i(j) be the second derivative of -1/3*j**3 - 1/2*j**2 - 5/6*j**4 - 1 - 6*j. Let q(c) = c**3 - 6*c**2 + 5*c - 1. Let a be q(5). Determine i(a).
-9
Let k = 320 + -304. Let f be (-16)/(-8 + k) - -2. Let d(u) = -u**3 + u**2 - u + 2. Calculate d(f).
2
Let u(x) = x**3 + 10*x**2 + x - 8. Let m(j) = j**3 + 9*j**2 - 8. Suppose 176*w = 172*w + 8. Let l(k) = w*u(k) - 3*m(k). Calculate l(-7).
-6
Let t(b) = -3*b**3 - 3*b**2 + 14*b + 3. Let s(a) = -a**3 + 3*a**2. Let h = -249 + 250. Let m(u) = h*t(u) - 4*s(u). Give m(14).
3
Suppose 222 + 72 = 21*a. Let n(g) = a + g**3 - 207*g + 417*g - 208*g + 6*g**2. Give n(-6).
2
Let q(j) = -1 + 3 + 5*j + 65*j - 74*j. Determine q(-4).
18
Suppose 23*q - 57 - 13 = -24. Let m(d) be the first derivative of -1/2*d**q + d + 11. Calculate m(-6).
7
Let q(t) = 4*t**2 - 3*t - 7. Let o(a) = -3*a**2 + 2*a + 6. Let z be -4 + 2 - (0 + 3). Let j(l) = z*o(l) - 4*q(l). Let b = 6389 + -6385. Calculate j(b).
-10
Let i(h) = h**2 - 10*h - 10. Let q(p) = p**2 - 11*p - 9. Let z be q(-9). Let f = z + -158. Calculate i(f).
29
Let a(r) = -r**3 + 10*r**2 - 9*r - 13. Suppose -5*h - 35 = 4*z, -5*z - 16 + 6 = -5*h. Let l be 4*(-6)/8*h. Determine a(l).
-13
Let x(d) = -17*d**3 - 35*d**2 - 24*d - 5. Let i(p) = 3*p**3 + 5*p**2 + 3*p. Let g(r) = -6*i(r) - x(r). Suppose c + 4*v - 26 = -0*c, c - 31 = -5*v. What is g(c)?
5
Suppose 3*a + 53*h = 48*h - 21, -5*a - 3*h = 3. Let y(x) be the second derivative of -x**5/20 + x**4/2 + x**3/3 - 2*x**2 - x. Give y(a).
29
Let s(r) = 9*r - 59. Let o be s(10). Let d(w) = -o - 34 + 0*w + 72 + w. What is d(2)?
9
Suppose 5*f - 4 = 1. Let u be 180 + 1 + f + -3. Let n(l) = -180*l**2 - 1 + u*l**2 - 3*l + 2*l. Give n(-1).
-1
Let s(b) = -107*b + 87. Let x(o) = 55*o - 44. Let r(n) = -6*s(n) - 11*x(n). Let p(a) = 16*a - 19. Let u(y) = -7*p(y) + 3*r(y). What is u(14)?
5
Suppose -z + 24 = 5*n, 121*z - 118*z - 3*n - 54 = 0. Let q(d) = d**3 - 20*d**2 + 20*d - 14. Determine q(z).
5
Suppose -3*y + 3 = -6*y. Let q(f) = 11*f**2 + 3 + 2 - 12*f**2 - 4. Let z be q(y). Let h(v) = -v**3 + v**2 + 9. Give h(z).
9
Let g(b) = -b**3 - 13*b**2 - 12*b + 13. Let r be (5/(-3))/(1585/11412). Calculate g(r).
13
Let l(k) = -k**3 - 7*k**2 - 7*k - 8. Let i be l(-6). Let w = -18 - -91. Let t(j) = 2*j**2 - 3 + w*j + 3 + 1 - 72*j. Give t(i).
7
Let o(i) = -6*i**2 + 50*i - 14. Let w be o(8). Let f(n) = -n + 4. Let a be f(2). Let l(p) = -p**a + 1 - 7*p**2 + 2*p**3 + 8*p**2. Calculate l(w).
17
Let l(h) be the second derivative of -h**4/12 + h**3/2 + 15*h**2/2 - 106*h - 3. Calculate l(8).
-25
Let v(p) = -6*p**3 + p**2 + 3*p - 1. Suppose 52 - 72 = -d - 3*h, 34 = 5*d + 4*h. Calculate v(d).
-39
Let y(p) = p**2 - 4*p - 4. Let c(o) = -2*o**2 + 13*o - 12. Let r(k) = c(k) + 4*y(k). What is r(5)?
7
Let z(n) be the first derivative of -8*n**3/3 - 2*n**2 - 5*n - 351. What is z(-2)?
-29
Let r(v) = -22*v + 5. Let m be r(-7). Let f be 4/34 + m/(-51). Let c(t) = -t + 1. Let y(a) = -2*a - 1. Let w(x) = f*c(x) + y(x). Determine w(0).
-4
Suppose 186*r - 229*r - 816 = 365*r. Let v(l) = -l**3 - l**2 - l - 1. Let t be v(-2). Let f(b) = -t*b + 2*b**2 + 2*b + 4*b. Determine f(r).
6
Let t = 113 - 112. Let r be t/(((-5)/(-7))/(-5)). Let w(m) = -m**2 - 8*m - 5. Calculate w(r).
2
Let f(x) be the second derivative of -9/2*x**2 - 1/6*x**3 + 52*x + 0. Determine f(-7).
-2
Suppose -60 = 34*v - 230. Suppose -s = -37*t + 32*t - 11, -v*s - 2*t + 1 = 0. Let o(d) = -21*d**2 + 1. What is o(s)?
-20
Let q = 28 + -61. Let h = q - -35. Let y(x) = 2*x**h - x**2 + x**3 + x - 4*x**3 + 2*x**3. What is y(2)?
-2
Let i = 120 + -117. Suppose 0 = 3*j + 4*o + 11, 0 = 3*j - 0*o + i*o + 12. Let n(d) = d**3 + 5*d**2 + 2*d. Calculate n(j).
-10
Let r(q) = q**2 - 14*q + 17. Suppose 0 = w + k - 11, -19*k = 3*w - 14*k - 27. What is r(w)?
17
Let r(n) = 4*n**2 + 3*n + 15. Let l(q) = q**2 - 2*q + 8. Let j(z) = -3*l(z) + r(z). Determine j(-14).
61
Let j(x) = 2*x + 1 + 2*x - 9*x + 4*x. Let p(n) = -1 - 2 - 3*n - 2*n + 6*n. Let a(l) = -3*j(l) - p(l). Determine a(-3).
-6
Let g be (126/70)/((-3)/(-10)). Suppose 0 = j + j + 4*w + 16, -j - g = 4*w. Let y(m) = -m**3 - 9*m**2 + 11*m + 6. Calculate y(j).
-4
Let r(g) be the third derivative of g**5/60 + 5*g**4/12 - 2*g**3/3 + 11*g**2 + 3*g. Suppose 22*x - 10*x = -108. What is r(x)?
-13
Let x(f) = -f**3 - 8*f**2 + 12*f - 9. Suppose 0*z + 10*z = 5*z. Let a be z + 1 - (-28 + 38). What is x(a)?
-36
Let c(q) = q**2 + 28*q - 63. Let g(s) = -254*s + 1494. Let p be g(6). Determine c(p).
-3
Let w(n) = 4*n**2 - 5*n. Suppose -46*r + 41*r = -f + 9, 5*f = -2*r + 18. What is w(f)?
44
Let m = 110 + -96. Let r be ((-21)/m)/(6/(-8)). Let b(n) = n**3 - 46*n**2 - 51*n**2 - 3*n + 96*n**r - 2 + 3. Give b(2).
-1
Let f be -32 + 3 - (-3)/(-6)*-8. Let b = f + 23. Let s(x) be the first derivative of x**4/4 + x**3/3 + x**2/2 + 2*x + 4. Give s(b).
-4
Let h(q) = 8*q + 44. Let s(y) = -y + 2. Let p(c) = -h(c) + 3*s(c). Let g(k) = 7*k + 26. Let t(b) = -8*g(b) - 5*p(b). What is t(0)?
-18
Let l be (12 - -57)/(4 - 1). Suppose 49 = -l*j - 181. Let u(q) = -q**2 - 11*q + 6. What is u(j)?
16
Let b(g) = -2*g**3 + 5*g**2 + 3*g - 3. Suppose -4*z - 4*p + 20 = 0, -p + 61 = -5*z + 80. Calculate b(z).
-39
Let k(s) = 9*s - 97357 + 0*s**2 + 6*s**2 + 97367. Calculate k(-2).
16
Let n(p) = 8*p - 43. Let i be n(6). Let j(m) = 54*m**2 - 53*m**2 + 15 - i. Give j(0).
10
Let d(a) = -5*a. Let w(l) = l**2 + 57*l - 184. Let f be w(-60). Let h(m) = -1. Let i(o) = 3. Let t(v) = -4*h(v) - i(v). Let n(s) = f*t(s) + d(s). Give n(-6).
26
Let f(g) = -g**3 + 2*g**2 + 4*g + 6. Let l be f(0). Let n be 1 + 2*(-6)/(-3). Let q(c) = -1 + 7 + n*c - 14*c + c**2. What is q(l)?
-12
Let c(z) = 10*z**3. Suppose -5*a - 33 = -203. Let d be (-84)/(-714) + 30/a. Give c(d).
10
Let z(m) be the second derivative of -m**6/360 - m**5/120 + m**4/12 + m**3/2 + 62*m. Let i(s) be the second derivative of z(s). Calculate i(0).
2
Let d(c) = c**2 - 12*c - 27. Let s = 4229 - 4215. Determine d(s).
1
Suppose 5 = -16*w + 21. Let p(a) = -a**2 + 4*a - 1. Let o(b) = -2*b**2 - 2*b - 8. Let g(i) = w*p(i) - o(i). What is g(-3)?
-2
Let n(y) = -12*y**2 - 37*y + 53. Let x(c) = 5*c**2 + 18*c - 28. Let t(s) = 3*n(s) + 7*x(s). What is t(15)?
-37
Suppose -i - 3*l + 3 = 0, 82*i - 4*l - 10 = 81*i. Let j(g) = -g**3 + 8*g**2 - 11*g - 5. Give j(i).
1
Let v(g) = g**2 + 6*g - 2. Let m(l) = -l**2 - 22*l - 51. Let u be m(-19). Suppose 30 = -4*y + u. Calculate v(y).
-2
Let x = -7624 + 7626. Suppose 2*h - 6 = -h. Let z(d) = 2*d**3 - 2*d**2 - 11*d + 7. Let k(m) = -m**3 + m**2 + 5*m - 3. Let o(p) = h*z(p) + 5*k(p). What is o(x)?
1
Let w(u) = u**2 + 13*u - 1. Let k(y) = -6*y**2 + 8*y - 5. Let x be k(2). Let n be w(x). Let g(p) be the third derivative of p**4/8 - p**3/6 - 2*p**2. Give g(n).
-4
Let i(s) = 6*s + 153. Let x be (4/(-4))/((-2)/(-6)) + 3. Let d be i(x). Let r(m) = -d - 3*m + 146 - m + 3*m. Give r(-7).
0
Let l(p) be the first derivative of -p**7/840 - p**6/360 - p**5/120 + 5*p**4/24 - 176*p**3/3 - 49. Let n(m) be the third derivative of l(m). Determine n(0).
5
Suppose -59*j + 21*j - 70 = -24*j. Let c(v) be the first derivative of -v**4/4 - 4*v**3/3 + 5*v**2/2 - 3*v - 9. Calculate c(j).
-3
Let w(k) = k**3 - 4*k**2 - 9*k - 13. Let y = -138 + 130. Let f(d) = -21*d - 162. Let o be f(y). Calculate w(o).
5
Let r(a) = a**3 